{"id":11,"date":"2026-05-09T12:56:36","date_gmt":"2026-05-09T12:56:36","guid":{"rendered":"https:\/\/wp.sunwave-virtual.com\/?page_id=11"},"modified":"2026-05-09T12:56:36","modified_gmt":"2026-05-09T12:56:36","slug":"solarix","status":"publish","type":"page","link":"https:\/\/wp.sunwave-virtual.com\/?page_id=11","title":{"rendered":"Solarix"},"content":{"rendered":"\n<a href=\"#main-content\" class=\"wv-link-content button\">Skip to main content<\/a>\n<div class=\"ed-element ed-reference ed-reference-container wv-boxed menu-wrapper wv-overflow_visible preset-menu-v2-hdecor\" id=\"ed-2711628606\" data-reference=\"2509910786\"><div class=\"inner\"><div class=\"ed-element ed-button custom-theme\" id=\"ed-2711804881\"><a href=\"https:\/\/wp.sunwave-virtual.com\/register\" class=\"button center\" target=\"_blank\">JETZT FLIEGEN<\/a><\/div><div class=\"ed-element ed-logo logo\" id=\"ed-2509910789\"><a href=\"\/\"><img decoding=\"async\" src=\"https:\/\/wp.sunwave-virtual.com\/wp-content\/uploads\/sunwave-static\/images\/192\/24408794\/SunwaveLogoneufreigestelltklein-iL3P2APfRFNNTDMNTLxWsA.png\" alt=\"sunwave-virtual.com\"><\/a><\/div><div class=\"ed-element ed-container mobile-cont wv-overflow_visible\" id=\"ed-2509910792\"><div class=\"inner\"><div class=\"ed-element ed-html menu-trigger active\" id=\"ed-2509910795\"><div class=\"menu-trigger-box\"><button class=\"menu-trigger-inner\">Menu<\/button><\/div><\/div><\/div><\/div><nav class=\"ed-element ed-menu wv-custom wv-overflow_horizontal\" id=\"ed-2509910801\"><ul class=\"menu-level-0\"><li class=\"wv-page-28830194-de first\"><a href=\"\/\" class=\"wv-page-28830194-de first\">Home<\/a><\/li><li class=\"wv-page-28945139-de\"><a href=\"\/flotte\" class=\"wv-page-28945139-de\">FLOTTE<\/a><\/li><li><a target=\"_blank\" href=\"https:\/\/wp.sunwave-virtual.com\/livemap\">Live Map<\/a><\/li><li><a target=\"_blank\" href=\"https:\/\/discord.gg\/dGnKKQUQbk\" title=\"DISCORD\">DISCORD<\/a><\/li><li><a target=\"_blank\" href=\"https:\/\/wp.sunwave-virtual.com\/dashboard\">FLIGHT DISPATCH<\/a><\/li><li class=\"wv-page-28830209-de end\"><a href=\"\/datenschutz-und-impressum\" class=\"wv-page-28830209-de last\">Datenschutz und Impressum<\/a><\/li><\/ul><\/nav><nav class=\"ed-element ed-menu wv-custom wv-overflow_horizontal animation-initial\" id=\"ed-2711804592\" data-animation=\"{&quot;type&quot;:&quot;move-bottom-to-top&quot;,&quot;initial&quot;:&quot;hide&quot;,&quot;keepHeight&quot;:true,&quot;duration&quot;:&quot;.5s&quot;,&quot;delay&quot;:&quot;0s&quot;,&quot;overlay&quot;:{&quot;width&quot;:&quot;auto&quot;},&quot;trigger&quot;:&quot;scroll&quot;,&quot;group&quot;:{&quot;name&quot;:&quot;&quot;,&quot;behavior&quot;:{&quot;show&quot;:&quot;&quot;,&quot;hide&quot;:&quot;&quot;}},&quot;closeText&quot;:&quot;&quot;}\"><ul class=\"menu-level-0\"><li class=\"wv-page-30056400-de first\"><a href=\"\/liverys-lackierungen\" class=\"wv-page-30056400-de first\">LIVERYS \/ LACKIERUNGEN<\/a><\/li><li class=\"wv-page-28830197-de\"><a href=\"\/sunwave-classic\" class=\"wv-page-28830197-de\">SUNWAVE CLASSIC<\/a><\/li><li class=\"wv-page-28830203-de\"><a href=\"\/solmaris\" class=\"wv-page-28830203-de\">SOLMARIS<\/a><\/li><li class=\"wv-page-29832015-de active\"><a href=\"\/solarix\" class=\"wv-page-29832015-de active\"> SOLARIX<\/a><\/li><li class=\"wv-page-28830200-de end\"><a href=\"\/sunwave-aurora\" class=\"wv-page-28830200-de last\">SUNWAVE AURORA<\/a><\/li><\/ul><\/nav><\/div><\/div><div class=\"ed-element ed-container wv-boxed wv-spacer\" id=\"ed-2711628612\"><div class=\"inner\"><div class=\"ed-element ed-headline custom-theme\" id=\"ed-2711682203\"><h2>Der Freund f\u00fcr unsere kleinen G\u00e4ste<\/h2><\/div><\/div><\/div><div class=\"ed-element ed-container wv-boxed wv-spacer preset-text-with-image-v4-default\" id=\"ed-2711682206\"><div class=\"inner\"><div class=\"ed-element ed-container text-with-image-box wv-overflow_visible\" id=\"ed-2711682209\"><div class=\"inner\"><div class=\"ed-element ed-headline custom-theme\" id=\"ed-2711682212\"><h2>Hi, ich bin Solarix&nbsp;<\/h2><\/div><div class=\"ed-element ed-text custom-theme\" id=\"ed-2711682215\"><p data-start=\"0\" data-end=\"30\"><br><\/p><p data-start=\"32\" data-end=\"286\">Ich bin dein kleiner Begleiter \u00fcber den Wolken \u2013 immer neugierig, immer voller Energie und immer auf der Suche nach dem n\u00e4chsten Abenteuer. Geboren wurde ich aus der Sonne, dem Meer und genau diesem Gef\u00fchl, das man hat, wenn der Urlaub endlich beginnt.<\/p><p data-start=\"288\" data-end=\"570\">Ich liebe es, mit dir zu fliegen. Wenn du aus dem Fenster schaust und die Welt unter dir immer kleiner wird, bin ich schon l\u00e4ngst unterwegs \u2013 entdecke Inseln, z\u00e4hle Wolken, jage Sonnenstrahlen hinterher. Und glaub mir: Von hier oben sieht alles ein kleines bisschen magischer aus.<\/p><p data-start=\"572\" data-end=\"904\">Am liebsten bin ich da, wo es warm ist \u2013 am Strand, im Wasser oder hoch oben in der Luft. Du findest mich beim Schnorcheln zwischen bunten Fischen, beim Surfen auf den Wellen oder ganz entspannt in der H\u00e4ngematte zwischen zwei Palmen. Aber egal wo ich bin \u2013 ich warte immer auf dich, um das n\u00e4chste Abenteuer gemeinsam zu starten.<\/p><p data-start=\"906\" data-end=\"1152\">Ich bin nicht nur ein Entdecker \u2013 ich bin auch dein Freund an Bord. Wenn du vielleicht ein bisschen aufgeregt bist vor dem Flug, bin ich da. Wenn du lachen willst, auch. Und wenn du einfach nur tr\u00e4umen m\u00f6chtest, flieg ich ein St\u00fcck mit dir mit.<\/p><p data-start=\"1154\" data-end=\"1210\">Mein Motto? Ganz klar:<br data-start=\"1176\" data-end=\"1179\"><strong data-start=\"1179\" data-end=\"1205\">\u201eFlieg mit der Sonne.\u201c<\/strong> \ud83c\udf05<\/p><p data-start=\"1212\" data-end=\"1266\" data-is-last-node=\"\" data-is-only-node=\"\">Also, schnall dich an \u2013 wir sehen uns \u00fcber den Wolken.<\/p><\/div><\/div><\/div><div class=\"ed-element ed-container full-width text-with-image-image wv-overflow_visible\" id=\"ed-2711682218\"><div class=\"background\"><figure class=\"ed-element ed-image wv-bg\" id=\"ed-2711682221\"><div class=\"background-image-holder ed-lazyload\" style=\")\" data-background=\"url(&quot;\/images\/602\/25313051\/Surfer-xthZH_poqTIbJdGowudmyg.png&quot;)\"><\/div><\/figure><\/div><div class=\"inner\">&nbsp;<\/div><\/div><\/div><\/div><div class=\"ed-element ed-content-slider\" id=\"ed-2711682227\"><div class=\"slider-container\"><div class=\"ed-slider-item\"><figure class=\"ed-element ed-image\" id=\"ed-2711682230\"><img decoding=\"async\" src=\"%20%23F7F7F7'%20\/%3E%3C\/svg%3E\" alt=\"\" data-src=\"https:\/\/wp.sunwave-virtual.com\/wp-content\/uploads\/sunwave-static\/images\/1536\/25313028\/ChatGPTImage2.Mai202621_42_07-YMkZSbGO7TlBOI8odd0nCA.png\" class=\"ed-lazyload\"><\/figure><\/div><div class=\"ed-slider-item\"><figure class=\"ed-element ed-image\" id=\"ed-2711682233\"><img decoding=\"async\" src=\"%20%23F7F7F7'%20\/%3E%3C\/svg%3E\" alt=\"\" data-src=\"https:\/\/wp.sunwave-virtual.com\/wp-content\/uploads\/sunwave-static\/images\/1536\/25313024\/ChatGPTImage2.Mai202621_43_18-GnJTmYcQ-0bfs3D_hzlqnQ.png\" class=\"ed-lazyload\"><\/figure><\/div><div class=\"ed-slider-item\"><figure class=\"ed-element ed-image\" id=\"ed-2711693042\"><img decoding=\"async\" src=\"%20%23F7F7F7'%20\/%3E%3C\/svg%3E\" alt=\"\" data-src=\"https:\/\/wp.sunwave-virtual.com\/wp-content\/uploads\/sunwave-static\/images\/1536\/25313082\/ChatGPTImage2.Mai202621_53_35-0PpXWKyUxGKT9T7GvNhGgg.png\" class=\"ed-lazyload\"><\/figure><\/div><div class=\"ed-slider-item\"><figure class=\"ed-element ed-image\" id=\"ed-2711693045\"><img decoding=\"async\" src=\"%20%23F7F7F7'%20\/%3E%3C\/svg%3E\" alt=\"\" data-src=\"https:\/\/wp.sunwave-virtual.com\/wp-content\/uploads\/sunwave-static\/images\/1536\/25313120\/Sandburg-6BDUyfFwNq0HXG4RvMVfmQ.png\" class=\"ed-lazyload\"><\/figure><\/div><\/div><\/div><div class=\"ed-element ed-reference ed-reference-container footer preset-footer-frigg-v2-hdecor wv-boxed\" id=\"ed-2711628609\" data-reference=\"2509910876\"><footer class=\"inner\"><div class=\"ed-element ed-container wv-boxed footer-frigg-content wv-overflow_hidden\" id=\"ed-2509910879\"><div class=\"inner\"><div class=\"ed-element ed-container footer-frigg-box footer-frigg-box-flex wv-overflow_hidden\" id=\"ed-2509910882\"><div class=\"inner\"><div class=\"ed-element ed-container\" id=\"ed-2509910885\"><div class=\"inner\"><div class=\"ed-element ed-logo\" id=\"ed-2509910888\"><a href=\"\/\"><img decoding=\"async\" src=\"%20%23F7F7F7'%20\/%3E%3C\/svg%3E\" alt=\"sunwave-virtual.com\" data-src=\"https:\/\/wp.sunwave-virtual.com\/wp-content\/uploads\/sunwave-static\/images\/192\/24408794\/SunwaveLogoneufreigestelltklein-iL3P2APfRFNNTDMNTLxWsA.png\" class=\"ed-lazyload\" data-srcset=\"\/images\/384\/24408794\/SunwaveLogoneufreigestelltklein-iL3P2APfRFNNTDMNTLxWsA.png 2x\"><\/a><\/div><div class=\"ed-element ed-spacer\" id=\"ed-2509910891\"><div class=\"space\"><\/div><\/div><div class=\"ed-element ed-text custom-theme footer-fz\" id=\"ed-2509910894\"><p>&#8230;flieg mit der Sonne<br><br><br>Callsign: Solaris<\/p><p>3 Lettter Code : SNW<br><br><\/p><p><br><\/p><\/div><\/div><\/div><\/div><\/div><div class=\"ed-element ed-container footer-frigg-box footer-frigg-box-shrink wv-overflow_hidden\" id=\"ed-2509910897\"><div class=\"inner\"><div class=\"ed-element ed-spacer\" id=\"ed-2509910900\"><div style=\"height: 16px\" class=\"space\"><\/div><\/div><\/div><\/div><\/div><\/div><div class=\"ed-element ed-container flex-align-items-center flex-align-content-center wv-boxed wv-overflow_visible\" id=\"ed-2509910903\"><div class=\"inner\"><div class=\"ed-element ed-spacer\" id=\"ed-2509910906\"><div class=\"space\"><\/div><\/div><div class=\"ed-element ed-container flex-align-items-center flex-align-content-center\" id=\"ed-2509910909\"><div class=\"inner\"><div class=\"ed-element ed-text custom-theme footer-fz\" id=\"ed-2509910912\"><p><i class=\"fa fa-copyright\"><\/i> <span class=\"fr-deletable\" data-bind=\"customer.company\">homepage.sunwave-virtual.com<\/span>&nbsp;2024<\/p><\/div><\/div><\/div><div class=\"ed-element ed-container flex-align-content-center flex-align-items-center\" id=\"ed-2509910915\"><div class=\"inner\">&nbsp;<\/div><\/div><div class=\"ed-element ed-spacer hide-lg hide-md\" id=\"ed-2509910918\"><div class=\"space\"><\/div><\/div><\/div><\/div><\/footer><\/div>\n","protected":false},"excerpt":{"rendered":"<p>Skip to main content JETZT FLIEGEN Menu Home FLOTTE Live Map DISCORD FLIGHT DISPATCH Datenschutz und Impressum LIVERYS \/ LACKIERUNGEN SUNWAVE CLASSIC SOLMARIS SOLARIX SUNWAVE AURORA Der Freund f\u00fcr unsere kleinen G\u00e4ste Hi, ich bin Solarix&nbsp; Ich bin dein kleiner Begleiter \u00fcber den Wolken \u2013 immer neugierig, immer voller Energie und immer auf der Suche [&hellip;]<\/p>\n","protected":false},"author":0,"featured_media":0,"parent":0,"menu_order":0,"comment_status":"closed","ping_status":"closed","template":"","meta":{"footnotes":""},"class_list":["post-11","page","type-page","status-publish","hentry"],"_links":{"self":[{"href":"https:\/\/wp.sunwave-virtual.com\/index.php?rest_route=\/wp\/v2\/pages\/11","targetHints":{"allow":["GET"]}}],"collection":[{"href":"https:\/\/wp.sunwave-virtual.com\/index.php?rest_route=\/wp\/v2\/pages"}],"about":[{"href":"https:\/\/wp.sunwave-virtual.com\/index.php?rest_route=\/wp\/v2\/types\/page"}],"replies":[{"embeddable":true,"href":"https:\/\/wp.sunwave-virtual.com\/index.php?rest_route=%2Fwp%2Fv2%2Fcomments&post=11"}],"version-history":[{"count":0,"href":"https:\/\/wp.sunwave-virtual.com\/index.php?rest_route=\/wp\/v2\/pages\/11\/revisions"}],"wp:attachment":[{"href":"https:\/\/wp.sunwave-virtual.com\/index.php?rest_route=%2Fwp%2Fv2%2Fmedia&parent=11"}],"curies":[{"name":"wp","href":"https:\/\/api.w.org\/{rel}","templated":true}]}}