{"id":15,"date":"2026-05-09T12:56:36","date_gmt":"2026-05-09T12:56:36","guid":{"rendered":"https:\/\/wp.sunwave-virtual.com\/?page_id=15"},"modified":"2026-05-09T12:56:36","modified_gmt":"2026-05-09T12:56:36","slug":"die-entstehung-von-sunwave","status":"publish","type":"page","link":"https:\/\/wp.sunwave-virtual.com\/?page_id=15","title":{"rendered":"Die Entstehung von Sunwave"},"content":{"rendered":"\n<a href=\"#main-content\" class=\"wv-link-content button\">Skip to main content<\/a>\n<div class=\"ed-element ed-reference ed-reference-container wv-boxed menu-wrapper wv-overflow_visible preset-menu-v2-hdecor\" id=\"ed-2509911269\" data-reference=\"2509910786\"><div class=\"inner\"><div class=\"ed-element ed-button custom-theme\" id=\"ed-2711804881\"><a href=\"https:\/\/wp.sunwave-virtual.com\/register\" class=\"button center\" target=\"_blank\">JETZT FLIEGEN<\/a><\/div><div class=\"ed-element ed-logo logo\" id=\"ed-2509910789\"><a href=\"\/\"><img decoding=\"async\" src=\"https:\/\/wp.sunwave-virtual.com\/wp-content\/uploads\/sunwave-static\/images\/192\/24408794\/SunwaveLogoneufreigestelltklein-iL3P2APfRFNNTDMNTLxWsA.png\" alt=\"sunwave-virtual.com\"><\/a><\/div><div class=\"ed-element ed-container mobile-cont wv-overflow_visible\" id=\"ed-2509910792\"><div class=\"inner\"><div class=\"ed-element ed-html menu-trigger active\" id=\"ed-2509910795\"><div class=\"menu-trigger-box\"><button class=\"menu-trigger-inner\">Menu<\/button><\/div><\/div><\/div><\/div><nav class=\"ed-element ed-menu wv-custom wv-overflow_horizontal\" id=\"ed-2509910801\"><ul class=\"menu-level-0\"><li class=\"wv-page-28830194-de first\"><a href=\"\/\" class=\"wv-page-28830194-de first\">Home<\/a><\/li><li class=\"wv-page-28945139-de\"><a href=\"\/flotte\" class=\"wv-page-28945139-de\">FLOTTE<\/a><\/li><li><a target=\"_blank\" href=\"https:\/\/wp.sunwave-virtual.com\/livemap\">Live Map<\/a><\/li><li><a target=\"_blank\" href=\"https:\/\/discord.gg\/dGnKKQUQbk\" title=\"DISCORD\">DISCORD<\/a><\/li><li><a target=\"_blank\" href=\"https:\/\/wp.sunwave-virtual.com\/dashboard\">FLIGHT DISPATCH<\/a><\/li><li class=\"wv-page-28830209-de end\"><a href=\"\/datenschutz-und-impressum\" class=\"wv-page-28830209-de last\">Datenschutz und Impressum<\/a><\/li><\/ul><\/nav><nav class=\"ed-element ed-menu wv-custom wv-overflow_horizontal animation-initial\" id=\"ed-2711804592\" data-animation=\"{&quot;type&quot;:&quot;move-bottom-to-top&quot;,&quot;initial&quot;:&quot;hide&quot;,&quot;keepHeight&quot;:true,&quot;duration&quot;:&quot;.5s&quot;,&quot;delay&quot;:&quot;0s&quot;,&quot;overlay&quot;:{&quot;width&quot;:&quot;auto&quot;},&quot;trigger&quot;:&quot;scroll&quot;,&quot;group&quot;:{&quot;name&quot;:&quot;&quot;,&quot;behavior&quot;:{&quot;show&quot;:&quot;&quot;,&quot;hide&quot;:&quot;&quot;}},&quot;closeText&quot;:&quot;&quot;}\"><ul class=\"menu-level-0\"><li class=\"wv-page-30056400-de first\"><a href=\"\/liverys-lackierungen\" class=\"wv-page-30056400-de first\">LIVERYS \/ LACKIERUNGEN<\/a><\/li><li class=\"wv-page-28830197-de\"><a href=\"\/sunwave-classic\" class=\"wv-page-28830197-de\">SUNWAVE CLASSIC<\/a><\/li><li class=\"wv-page-28830203-de\"><a href=\"\/solmaris\" class=\"wv-page-28830203-de\">SOLMARIS<\/a><\/li><li class=\"wv-page-29832015-de\"><a href=\"\/solarix\" class=\"wv-page-29832015-de\"> SOLARIX<\/a><\/li><li class=\"wv-page-28830200-de end\"><a href=\"\/sunwave-aurora\" class=\"wv-page-28830200-de last\">SUNWAVE AURORA<\/a><\/li><\/ul><\/nav><\/div><\/div><div class=\"ed-element ed-container wv-boxed wv-spacer\" id=\"ed-2509911275\"><div class=\"inner\"><div class=\"ed-element ed-text custom-theme\" id=\"ed-2509911278\"><div><section class=\"text-token-text-primary w-full focus:outline-none [--shadow-height:45px] has-data-writing-block:pointer-events-none has-data-writing-block:-mt-(--shadow-height) has-data-writing-block:pt-(--shadow-height) [&amp;:has([data-writing-block])&gt;*]:pointer-events-auto scroll-mt-[calc(var(--header-height)+min(200px,max(70px,20svh)))]\" dir=\"auto\" data-turn-id=\"request-WEB:47274b43-c4c0-40d0-8873-99cf7a632f44-3\" data-testid=\"conversation-turn-8\" data-scroll-anchor=\"true\" data-turn=\"assistant\"><div><div><div><div data-message-author-role=\"assistant\" data-message-id=\"764742a1-a417-42a2-a376-0ae83abffaf1\" dir=\"auto\" data-message-model-slug=\"gpt-5-3\" data-turn-start-message=\"true\"><div><div><p data-start=\"0\" data-end=\"62\"><strong data-start=\"0\" data-end=\"62\">Die Entstehung von Sunwave \u2013 Freiheit f\u00fcr eine neue Vision<\/strong><\/p><p data-start=\"0\" data-end=\"62\"><br><\/p><p data-start=\"64\" data-end=\"218\">Die Geschichte von Sunwave ist das Ergebnis einer langen gemeinsamen Reise \u2013 gepr\u00e4gt von Erfahrung, Verantwortung und dem Wunsch, Fliegerei neu zu denken.<\/p><p data-start=\"64\" data-end=\"218\"><br><\/p><p data-start=\"220\" data-end=\"669\">Die heutigen Gr\u00fcnder waren urspr\u00fcnglich Piloten bei der damaligen ersten <strong data-start=\"286\" data-end=\"301\">Fly Holiday<\/strong>. <\/p><p data-start=\"220\" data-end=\"669\">Nach dem pl\u00f6tzlichen Verschwinden des urspr\u00fcnglichen Betreibers fand die Community der Fly Holiday innerhalb der <strong data-start=\"398\" data-end=\"416\">Nordfly Gruppe<\/strong> eine neue Heimat. <\/p><p data-start=\"220\" data-end=\"669\"><br><\/p><p data-start=\"220\" data-end=\"669\">Dort entwickelten sich die heutigen Sunwave-Gr\u00fcnder schnell weiter und \u00fcbernahmen f\u00fchrende Rollen als <strong data-start=\"537\" data-end=\"559\">CEO\u2019s und Co-CEO\u2019s<\/strong> bei <strong data-start=\"564\" data-end=\"579\">Fly Holiday<\/strong> sowie bei <strong data-start=\"590\" data-end=\"607\">Nordfly Cargo<\/strong>, deren <strong data-start=\"616\" data-end=\"668\">Gr\u00fcndung und Aufbau sie ma\u00dfgeblich mitgestaltet haben<\/strong>.<br><br><\/p><p data-start=\"671\" data-end=\"956\">Mit wachsender Erfahrung entstanden jedoch unterschiedliche Auffassungen \u00fcber die zuk\u00fcnftige Ausrichtung und Organisation der Nordfly Gruppe &nbsp;und im t\u00e4glichen Umgang miteinander der damaligen t\u00e4glich sehr aktiven Discord Community bei Nordfly.&nbsp;<br><br>Diese Differenzen f\u00fchrten schlie\u00dflich dazu, dass der heutige Sunwave-Staff <strong data-start=\"888\" data-end=\"930\">geschlossen die Nordfly Gruppe verlie\u00df<\/strong>, um eigene Wege zu gehen.<br><br><\/p><p data-start=\"958\" data-end=\"1240\">In dieser Phase entstand <strong data-start=\"983\" data-end=\"999\">LEAV Virtual<\/strong> \u2013 jedoch nicht als klassische, offene Airline, sondern als <strong data-start=\"1059\" data-end=\"1105\">geschlossener Raum f\u00fcr gemeinsames Fliegen<\/strong>. Hier wurden Ideen entwickelt, Strukturen getestet und eine gemeinsame Vision gesch\u00e4rft \u2013 unabh\u00e4ngig, flexibel und ohne \u00e4u\u00dfere Zw\u00e4nge.<br><br><br><\/p><p data-start=\"1242\" data-end=\"1317\">Aus genau diesem Gedanken heraus entstand schlie\u00dflich <strong data-start=\"1296\" data-end=\"1316\">Sunwave Airlines<\/strong>.<\/p><p data-start=\"1319\" data-end=\"1647\"><br><\/p><p data-start=\"1319\" data-end=\"1647\">Sunwave wurde bewusst als&nbsp;<strong data-start=\"1345\" data-end=\"1379\">eigenst\u00e4ndige, fiktive Airline<\/strong> gegr\u00fcndet \u2013 eine Marke, die es in der realen Welt nicht gibt. Der Grund daf\u00fcr ist klar:<br><br data-start=\"1467\" data-end=\"1470\"><strong data-start=\"1470\" data-end=\"1647\">Die Ideen, Konzepte und Strukturen, die innerhalb von LEAV entstanden sind, sollten der Allgemeinheit zug\u00e4nglich gemacht werden \u2013 ohne Einschr\u00e4nkungen durch reale Vorbilder.<\/strong><\/p><p data-start=\"1319\" data-end=\"1647\"><br><\/p><p data-start=\"1649\" data-end=\"1698\">Diese Freiheit erm\u00f6glicht es, neue Wege zu gehen:<\/p><ul data-start=\"1699\" data-end=\"1891\"><li data-section-id=\"54e1fm\" data-start=\"1699\" data-end=\"1748\">kreative Konzepte ohne Kompromisse umzusetzen<\/li><li data-section-id=\"11b6syk\" data-start=\"1749\" data-end=\"1815\">Strukturen exakt so zu gestalten, wie sie funktionieren sollen<\/li><li data-section-id=\"117o7lo\" data-start=\"1816\" data-end=\"1891\">und eine Airline zu entwickeln, die nicht an reale Grenzen gebunden ist<\/li><\/ul><p data-start=\"1893\" data-end=\"2039\">Sunwave ist damit mehr als nur eine virtuelle Airline \u2013 sie ist eine <strong data-start=\"1962\" data-end=\"2038\">Plattform f\u00fcr Kreativit\u00e4t, Innovation und Leidenschaft f\u00fcr die Luftfahrt<\/strong>.<\/p><p data-start=\"2041\" data-end=\"2139\" data-is-last-node=\"\" data-is-only-node=\"\"><br><strong data-start=\"2041\" data-end=\"2139\" data-is-last-node=\"\">Geboren aus Erfahrung. Gewachsen aus Freiheit. Gebaut f\u00fcr die Zukunft des virtuellen Fliegens.<\/strong><\/p><\/div><\/div><\/div><\/div><div><br><\/div><div><div><br><\/div><\/div><\/div><\/div><\/section><\/div><\/div><\/div><\/div><div class=\"ed-element ed-reference ed-reference-container footer preset-footer-frigg-v2-hdecor wv-boxed\" id=\"ed-2509911272\" data-reference=\"2509910876\"><footer class=\"inner\"><div class=\"ed-element ed-container wv-boxed footer-frigg-content wv-overflow_hidden\" id=\"ed-2509910879\"><div class=\"inner\"><div class=\"ed-element ed-container footer-frigg-box footer-frigg-box-flex wv-overflow_hidden\" id=\"ed-2509910882\"><div class=\"inner\"><div class=\"ed-element ed-container\" id=\"ed-2509910885\"><div class=\"inner\"><div class=\"ed-element ed-logo\" id=\"ed-2509910888\"><a href=\"\/\"><img decoding=\"async\" src=\"%20%23F7F7F7'%20\/%3E%3C\/svg%3E\" alt=\"sunwave-virtual.com\" data-src=\"https:\/\/wp.sunwave-virtual.com\/wp-content\/uploads\/sunwave-static\/images\/192\/24408794\/SunwaveLogoneufreigestelltklein-iL3P2APfRFNNTDMNTLxWsA.png\" class=\"ed-lazyload\" data-srcset=\"\/images\/384\/24408794\/SunwaveLogoneufreigestelltklein-iL3P2APfRFNNTDMNTLxWsA.png 2x\"><\/a><\/div><div class=\"ed-element ed-spacer\" id=\"ed-2509910891\"><div class=\"space\"><\/div><\/div><div class=\"ed-element ed-text custom-theme footer-fz\" id=\"ed-2509910894\"><p>&#8230;flieg mit der Sonne<br><br><br>Callsign: Solaris<\/p><p>3 Lettter Code : SNW<br><br><\/p><p><br><\/p><\/div><\/div><\/div><\/div><\/div><div class=\"ed-element ed-container footer-frigg-box footer-frigg-box-shrink wv-overflow_hidden\" id=\"ed-2509910897\"><div class=\"inner\"><div class=\"ed-element ed-spacer\" id=\"ed-2509910900\"><div style=\"height: 16px\" class=\"space\"><\/div><\/div><\/div><\/div><\/div><\/div><div class=\"ed-element ed-container flex-align-items-center flex-align-content-center wv-boxed wv-overflow_visible\" id=\"ed-2509910903\"><div class=\"inner\"><div class=\"ed-element ed-spacer\" id=\"ed-2509910906\"><div class=\"space\"><\/div><\/div><div class=\"ed-element ed-container flex-align-items-center flex-align-content-center\" id=\"ed-2509910909\"><div class=\"inner\"><div class=\"ed-element ed-text custom-theme footer-fz\" id=\"ed-2509910912\"><p><i class=\"fa fa-copyright\"><\/i> <span class=\"fr-deletable\" data-bind=\"customer.company\">homepage.sunwave-virtual.com<\/span>&nbsp;2024<\/p><\/div><\/div><\/div><div class=\"ed-element ed-container flex-align-content-center flex-align-items-center\" id=\"ed-2509910915\"><div class=\"inner\">&nbsp;<\/div><\/div><div class=\"ed-element ed-spacer hide-lg hide-md\" id=\"ed-2509910918\"><div class=\"space\"><\/div><\/div><\/div><\/div><\/footer><\/div>\n","protected":false},"excerpt":{"rendered":"<p>Skip to main content JETZT FLIEGEN Menu Home FLOTTE Live Map DISCORD FLIGHT DISPATCH Datenschutz und Impressum LIVERYS \/ LACKIERUNGEN SUNWAVE CLASSIC SOLMARIS SOLARIX SUNWAVE AURORA Die Entstehung von Sunwave \u2013 Freiheit f\u00fcr eine neue Vision Die Geschichte von Sunwave ist das Ergebnis einer langen gemeinsamen Reise \u2013 gepr\u00e4gt von Erfahrung, Verantwortung und dem Wunsch, [&hellip;]<\/p>\n","protected":false},"author":0,"featured_media":0,"parent":0,"menu_order":0,"comment_status":"closed","ping_status":"closed","template":"","meta":{"footnotes":""},"class_list":["post-15","page","type-page","status-publish","hentry"],"_links":{"self":[{"href":"https:\/\/wp.sunwave-virtual.com\/index.php?rest_route=\/wp\/v2\/pages\/15","targetHints":{"allow":["GET"]}}],"collection":[{"href":"https:\/\/wp.sunwave-virtual.com\/index.php?rest_route=\/wp\/v2\/pages"}],"about":[{"href":"https:\/\/wp.sunwave-virtual.com\/index.php?rest_route=\/wp\/v2\/types\/page"}],"replies":[{"embeddable":true,"href":"https:\/\/wp.sunwave-virtual.com\/index.php?rest_route=%2Fwp%2Fv2%2Fcomments&post=15"}],"version-history":[{"count":0,"href":"https:\/\/wp.sunwave-virtual.com\/index.php?rest_route=\/wp\/v2\/pages\/15\/revisions"}],"wp:attachment":[{"href":"https:\/\/wp.sunwave-virtual.com\/index.php?rest_route=%2Fwp%2Fv2%2Fmedia&parent=15"}],"curies":[{"name":"wp","href":"https:\/\/api.w.org\/{rel}","templated":true}]}}